
120
What is the highest common divisor of 14580 and 64704?
12
What is the greatest common divisor of 92683656 and 144?
72
Calculate the greatest common factor of 16526577 and 129.
129
Calculate the greatest common factor of 85518009 and 639.
639
What is the highest common divisor of 10660 and 14909128?
52
What is the highest common factor of 5575794 and 168?
42
Calculate the greatest common divisor of 3686 and 530.
2
What is the highest common divisor of 3383 and 51833?
17
Calculate the greatest common factor of 2206171 and 113839.
1441
What is the greatest common factor of 321 and 115919?
1
What is the greatest common divisor of 3186 and 368081766?
3186
What is the highest common divisor of 6543946 and 104?
2
Calculate the greatest common factor of 343395 and 9724.
13
Calculate the greatest common factor of 99153600 and 336.
336
Calculate the highest common divisor of 209712 and 72731.
257
Calculate the greatest common divisor of 106545 and 10925.
5
Calculate the highest common factor of 23236988 and 282.
94
Calculate the greatest common divisor of 2052 and 78201612.
108
Calculate the highest common factor of 44 and 356929276.
44
What is the highest common factor of 662431 and 512493?
1229
Calculate the greatest common divisor of 78 and 4748614.
26
What is the highest common divisor of 88772750 and 22000?
2750
Calculate the highest common divisor of 62244 and 109746.
1638
Calculate the greatest common divisor of 4815970 and 256910.
230
What is the greatest common divisor of 4432272 and 1872?
624
Calculate the greatest common factor of 107 and 276078511.
107
Calculate the highest common factor of 51042397 and 1.
1
What is the greatest common divisor of 20944649 and 20075?
803
Calculate the greatest common factor of 10362 and 389202.
66
What is the greatest common divisor of 12245051 and 71575?
2863
Calculate the greatest common divisor of 159239171 and 33896.
4237
What is the greatest common factor of 842531892 and 24?
12
What is the highest common factor of 4277768 and 110?
22
Calculate the greatest common factor of 350 and 1466626.
14
What is the greatest common divisor of 319 and 24049091?
319
What is the highest common divisor of 6 and 140555868?
6
Calculate the highest common divisor of 33767423 and 5066.
2533
Calculate the highest common divisor of 260680 and 1148.
28
What is the highest common factor of 1885 and 3236168?
377
Calculate the highest common factor of 243 and 9057501.
81
What is the highest common divisor of 35 and 27030955?
35
Calculate the greatest common divisor of 3159019 and 742376.
1307
What is the highest common divisor of 582830 and 2052430?
1670
What is the greatest common divisor of 6211584 and 58638?
2022
Calculate the highest common divisor of 427840 and 99840.
320
Calculate the highest common divisor of 1045 and 94957630.
95
What is the highest common factor of 16776 and 624440?
1864
What is the highest common factor of 60 and 781125?
15
Calculate the highest common divisor of 3531 and 18666043.
1177
Calculate the greatest common factor of 90 and 1318645.
5
Calculate the greatest common factor of 3933 and 3303.
9
What is the highest common factor of 463158 and 187741?
953
What is the highest common factor of 1459 and 1594775999?
1459
Calculate the highest common factor of 40781828 and 723064.
5092
Calculate the greatest common divisor of 38 and 219543347.
19
Calculate the highest common factor of 116640 and 9440.
160
Calculate the highest common factor of 12023125 and 8125.
625
What is the greatest common divisor of 1108 and 24763246?
554
Calculate the highest common divisor of 494543743 and 461.
461
What is the highest common divisor of 554768325 and 1800?
225
What is the highest common divisor of 82 and 64177751?
41
Calculate the greatest common divisor of 7765218 and 30342.
2334
Calculate the greatest common factor of 379878800 and 24.
8
Calculate the highest common divisor of 420274 and 7708.
94
What is the greatest common factor of 82521774 and 3519?
153
Calculate the greatest common divisor of 1956019575 and 1275.
1275
What is the greatest common factor of 434792 and 5392672?
3128
What is the greatest common factor of 150 and 1724600?
50
What is the highest common factor of 408 and 3447702?
102
Calculate the highest common divisor of 1 and 187517101.
1
Calculate the greatest common factor of 231 and 32942.
7
What is the greatest common divisor of 2977 and 37271?
13
Calculate the highest common factor of 39 and 2779944.
3
What is the highest common divisor of 1538 and 556?
2
What is the highest common divisor of 14612472 and 30094?
734
What is the highest common divisor of 7 and 194590130?
7
Calculate the greatest common divisor of 626336 and 211936.
1184
What is the highest common factor of 4543 and 1029789068?
4543
Calculate the greatest common divisor of 253624 and 866320.
392
Calculate the greatest common factor of 741549499 and 95.
19
What is the greatest common factor of 2362169 and 8866?
31
Calculate the highest common factor of 667736 and 32984.
152
What is the greatest common factor of 184 and 15921704?
184
Calculate the greatest common divisor of 30496186 and 98.
14
Calculate the highest common factor of 72259 and 143.
11
Calculate the greatest common factor of 4673496 and 72.
24
What is the highest common divisor of 25560 and 3407760?
360
Calculate the highest common divisor of 460 and 11949190.
230
What is the highest common divisor of 194 and 472071452?
194
What is the highest common divisor of 195 and 3311055?
15
What is the greatest common factor of 250 and 4226?
2
Calculate the highest common factor of 36 and 6290838.
18
What is the greatest common divisor of 5994840 and 90?
30
What is the greatest common divisor of 29781068 and 2104?
1052
What is the greatest common factor of 266280584 and 16?
8
What is the greatest common factor of 1665910 and 128405?
305
Calculate the greatest common divisor of 12994978 and 1826.
166
Calculate the highest common divisor of 337631343 and 189.
21
What is the highest common divisor of 254606184 and 724?
724
What is the highest common factor of 88245 and 5217?
111
What is the greatest common factor of 8700 and 632525?
25
Calculate the greatest common divisor of 5750 and 13290500.
250
Calculate the highest common divisor of 59337 and 53856135.
3123
Calculate the highest common factor of 728 and 8382500.
28
Calculate the highest common factor of 9557 and 76228.
19
Calculate the highest common factor of 85446 and 421731.
423
Calculate the highest common divisor of 64446082 and 34.
34
What is the greatest common divisor of 806272012 and 6629?
6629
Calculate the highest common factor of 45220 and 9410.
10
Calculate the greatest common factor of 1341 and 17819118.
9
What is the highest common divisor of 4 and 959141?
1
What is the highest common factor of 699 and 58406343?
699
Calculate the highest common divisor of 44119516 and 28.
28
What is the greatest common factor of 965331 and 38835?
9
What is the greatest common divisor of 1834730 and 130?
10
What is the greatest common factor of 3607218 and 144?
18
What is the greatest common divisor of 71745 and 17920?
5
Calculate the greatest common divisor of 24775 and 1641775.
25
Calculate the greatest common divisor of 45903 and 255409.
1177
What is the greatest common factor of 282582555 and 30?
15
Calculate the greatest common factor of 7315189 and 35.
7
Calculate the highest common divisor of 971668 and 90012.
2308
Calculate the highest common factor of 3918705 and 1960.
35
Calculate the greatest common divisor of 25890121 and 111.
37
Calculate the highest common divisor of 2 and 526370732.
2
Calculate the greatest common factor of 13505485 and 608.
19
What is the highest common factor of 26 and 22159592?
26
Calculate the greatest common factor of 11035882 and 4277.
611
What is the highest common divisor of 95745 and 6435?
195
What is the greatest common divisor of 297 and 35655807?
33
Calculate the greatest common divisor of 3729 and 213477.
33
Calculate the highest common divisor of 703292 and 1533192.
772
Calculate the highest common divisor of 252859200 and 1800.
600
What is the highest common divisor of 15780 and 1772094?
1578
Calculate the highest common factor of 272 and 19984112.
272
What is the great